{"id":1763,"date":"2026-04-09T20:06:25","date_gmt":"2026-04-09T18:06:25","guid":{"rendered":"https:\/\/adventureyankee.com\/?post_type=product&#038;p=1763"},"modified":"2026-04-09T20:06:25","modified_gmt":"2026-04-09T18:06:25","slug":"conector-deans-t-rc-macho-hembra-rojo","status":"publish","type":"product","link":"https:\/\/adventureyankee.com\/?product=conector-deans-t-rc-macho-hembra-rojo","title":{"rendered":"Conector DEANS (T) RC Macho\/Hembra Rojo"},"content":{"rendered":"<p>Conector DEANS (T) para RC, incluye piezas macho y hembra en color rojo, dise\u00f1ado para conexiones seguras entre bater\u00edas y motores. Fabricado en material resistente que garantiza durabilidad y excelente conductividad el\u00e9ctrica.<\/p>\n","protected":false},"excerpt":{"rendered":"<p>-Conector DEANS (T) macho y hembra<br data-start=\"135\" data-end=\"138\" \/>-Color rojo<br data-start=\"149\" data-end=\"152\" \/>-Compatible con bater\u00edas y motores RC<\/p>\n","protected":false},"featured_media":1765,"comment_status":"open","ping_status":"closed","template":"","meta":[],"product_brand":[],"product_cat":[405],"product_tag":[],"class_list":{"0":"post-1763","1":"product","2":"type-product","3":"status-publish","4":"has-post-thumbnail","6":"product_cat-accesorio","8":"first","9":"instock","10":"shipping-taxable","11":"purchasable","12":"product-type-simple"},"_links":{"self":[{"href":"https:\/\/adventureyankee.com\/index.php?rest_route=\/wp\/v2\/product\/1763","targetHints":{"allow":["GET"]}}],"collection":[{"href":"https:\/\/adventureyankee.com\/index.php?rest_route=\/wp\/v2\/product"}],"about":[{"href":"https:\/\/adventureyankee.com\/index.php?rest_route=\/wp\/v2\/types\/product"}],"replies":[{"embeddable":true,"href":"https:\/\/adventureyankee.com\/index.php?rest_route=%2Fwp%2Fv2%2Fcomments&post=1763"}],"wp:featuredmedia":[{"embeddable":true,"href":"https:\/\/adventureyankee.com\/index.php?rest_route=\/wp\/v2\/media\/1765"}],"wp:attachment":[{"href":"https:\/\/adventureyankee.com\/index.php?rest_route=%2Fwp%2Fv2%2Fmedia&parent=1763"}],"wp:term":[{"taxonomy":"product_brand","embeddable":true,"href":"https:\/\/adventureyankee.com\/index.php?rest_route=%2Fwp%2Fv2%2Fproduct_brand&post=1763"},{"taxonomy":"product_cat","embeddable":true,"href":"https:\/\/adventureyankee.com\/index.php?rest_route=%2Fwp%2Fv2%2Fproduct_cat&post=1763"},{"taxonomy":"product_tag","embeddable":true,"href":"https:\/\/adventureyankee.com\/index.php?rest_route=%2Fwp%2Fv2%2Fproduct_tag&post=1763"}],"curies":[{"name":"wp","href":"https:\/\/api.w.org\/{rel}","templated":true}]}}