{"id":1238,"date":"2026-02-12T16:03:26","date_gmt":"2026-02-12T15:03:26","guid":{"rendered":"https:\/\/adventureyankee.com\/?post_type=product&#038;p=1238"},"modified":"2026-02-12T16:05:51","modified_gmt":"2026-02-12T15:05:51","slug":"traxxas-xrt-rtr-4wd","status":"publish","type":"product","link":"https:\/\/adventureyankee.com\/?product=traxxas-xrt-rtr-4wd","title":{"rendered":"Traxxas XRT  RTR 4WD"},"content":{"rendered":"<p>El Traxxas XRT combina la potencia brutal del sistema sin escobillas Velineon 8s, dise\u00f1ado para ofrecer control, estabilidad y velocidad extrema en cualquier superficie. Su estructura 4WD con diferencial central y suspensiones de largo recorrido lo hacen ideal para altas velocidades y maniobrabilidad precisa, alcanzando m\u00e1s de 96 km\/h con las bater\u00edas adecuadas. Con un dise\u00f1o robusto y aerodin\u00e1mico inspirado en el X-Maxx, el XRT ofrece rendimiento profesional desde que sale de la caja<\/p>\n","protected":false},"excerpt":{"rendered":"<p>Nivel de Skill: 5<br \/>\nTraccion:4WD<br \/>\nRadio control: TQi\u2122 2.4 GHz<br \/>\nEscala: 1\/6<br \/>\nMaterial:<br \/>\nMotor: VXL-8s sin escobillas<br \/>\nVelocidad:96 km\/h con las bater\u00edas adecuadas<br \/>\nNo incluye bateria, ni cargador<\/p>\n","protected":false},"featured_media":1349,"comment_status":"open","ping_status":"closed","template":"","meta":[],"product_brand":[],"product_cat":[41,42,46,43],"product_tag":[],"class_list":{"0":"post-1238","1":"product","2":"type-product","3":"status-publish","4":"has-post-thumbnail","6":"product_cat-automodelismo","7":"product_cat-off-road","8":"product_cat-on-road","9":"product_cat-traxxas","10":"product_shipping_class-delivery-gratis","12":"first","13":"instock","14":"shipping-taxable","15":"purchasable","16":"product-type-simple"},"_links":{"self":[{"href":"https:\/\/adventureyankee.com\/index.php?rest_route=\/wp\/v2\/product\/1238","targetHints":{"allow":["GET"]}}],"collection":[{"href":"https:\/\/adventureyankee.com\/index.php?rest_route=\/wp\/v2\/product"}],"about":[{"href":"https:\/\/adventureyankee.com\/index.php?rest_route=\/wp\/v2\/types\/product"}],"replies":[{"embeddable":true,"href":"https:\/\/adventureyankee.com\/index.php?rest_route=%2Fwp%2Fv2%2Fcomments&post=1238"}],"wp:featuredmedia":[{"embeddable":true,"href":"https:\/\/adventureyankee.com\/index.php?rest_route=\/wp\/v2\/media\/1349"}],"wp:attachment":[{"href":"https:\/\/adventureyankee.com\/index.php?rest_route=%2Fwp%2Fv2%2Fmedia&parent=1238"}],"wp:term":[{"taxonomy":"product_brand","embeddable":true,"href":"https:\/\/adventureyankee.com\/index.php?rest_route=%2Fwp%2Fv2%2Fproduct_brand&post=1238"},{"taxonomy":"product_cat","embeddable":true,"href":"https:\/\/adventureyankee.com\/index.php?rest_route=%2Fwp%2Fv2%2Fproduct_cat&post=1238"},{"taxonomy":"product_tag","embeddable":true,"href":"https:\/\/adventureyankee.com\/index.php?rest_route=%2Fwp%2Fv2%2Fproduct_tag&post=1238"}],"curies":[{"name":"wp","href":"https:\/\/api.w.org\/{rel}","templated":true}]}}