{"id":1175,"date":"2026-02-12T16:02:17","date_gmt":"2026-02-12T15:02:17","guid":{"rendered":"https:\/\/adventureyankee.com\/?post_type=product&#038;p=1175"},"modified":"2026-02-12T16:04:28","modified_gmt":"2026-02-12T15:04:28","slug":"crawler-hb-toys-1-10-jeep-wilderness-rtr","status":"publish","type":"product","link":"https:\/\/adventureyankee.com\/?product=crawler-hb-toys-1-10-jeep-wilderness-rtr","title":{"rendered":"Crawler HB TOYS 1\/10 JEEP WILDERNESS RTR"},"content":{"rendered":"<p class=\"p1\">El\u00a0Crawler HB TOYS 1\/10 JEEP WILDERNESS RTR\u00a0es un veh\u00edculo radiocontrolado listo para usar (RTR, \u00abReady to Run\u00bb) de escala 1:10, dise\u00f1ado espec\u00edficamente como rock crawler o cami\u00f3n de trail. Ideal para principiantes, intermedios y expertos. El modelo es valorado por su relaci\u00f3n calidad-precio, robustez y capacidad para manejar terrenos dif\u00edciles. Puede ser modificado f\u00e1cilmente con neum\u00e1ticos y rines de otras marcas para mejorar su desempe\u00f1o off-road.<\/p>\n","protected":false},"excerpt":{"rendered":"<p class=\"p1\">Escala:\u00a01\/10<br \/>\nTransmisi\u00f3n: 4&#215;4<br \/>\nControl remoto: 2.4GHz, 4 canales<br \/>\nMateriales: Chasis y componentes en metal, ABS, nylon y aleaci\u00f3n.<br \/>\nSuspensi\u00f3n: Independiente en ambos ejes, con amortiguadores met\u00e1licos que pueden ser rellenados con aceite.<br \/>\nNeum\u00e1ticos: TPR de alta adherencia.<br \/>\nLuces: LED delanteras y traseras.<br \/>\nCarrocer\u00eda: Estilo Jeep<br \/>\nCertificaci\u00f3n IPX4, lo que lo hace resistente a salpicaduras.<br \/>\nColores sujeto a disponibilidad de stock\u2026<\/p>\n","protected":false},"featured_media":1282,"comment_status":"open","ping_status":"closed","template":"","meta":[],"product_brand":[],"product_cat":[41,42,48],"product_tag":[397,398,399,103,109],"class_list":{"0":"post-1175","1":"product","2":"type-product","3":"status-publish","4":"has-post-thumbnail","6":"product_cat-automodelismo","7":"product_cat-off-road","8":"product_cat-wltoys","9":"product_tag-auto","10":"product_tag-auto-de-carreras","11":"product_tag-auto-de-control","12":"product_tag-control-remoto","13":"product_tag-rc","14":"product_shipping_class-delivery-gratis","16":"first","17":"instock","18":"shipping-taxable","19":"purchasable","20":"product-type-simple"},"_links":{"self":[{"href":"https:\/\/adventureyankee.com\/index.php?rest_route=\/wp\/v2\/product\/1175","targetHints":{"allow":["GET"]}}],"collection":[{"href":"https:\/\/adventureyankee.com\/index.php?rest_route=\/wp\/v2\/product"}],"about":[{"href":"https:\/\/adventureyankee.com\/index.php?rest_route=\/wp\/v2\/types\/product"}],"replies":[{"embeddable":true,"href":"https:\/\/adventureyankee.com\/index.php?rest_route=%2Fwp%2Fv2%2Fcomments&post=1175"}],"wp:featuredmedia":[{"embeddable":true,"href":"https:\/\/adventureyankee.com\/index.php?rest_route=\/wp\/v2\/media\/1282"}],"wp:attachment":[{"href":"https:\/\/adventureyankee.com\/index.php?rest_route=%2Fwp%2Fv2%2Fmedia&parent=1175"}],"wp:term":[{"taxonomy":"product_brand","embeddable":true,"href":"https:\/\/adventureyankee.com\/index.php?rest_route=%2Fwp%2Fv2%2Fproduct_brand&post=1175"},{"taxonomy":"product_cat","embeddable":true,"href":"https:\/\/adventureyankee.com\/index.php?rest_route=%2Fwp%2Fv2%2Fproduct_cat&post=1175"},{"taxonomy":"product_tag","embeddable":true,"href":"https:\/\/adventureyankee.com\/index.php?rest_route=%2Fwp%2Fv2%2Fproduct_tag&post=1175"}],"curies":[{"name":"wp","href":"https:\/\/api.w.org\/{rel}","templated":true}]}}